 b(p) = p**3 + 13*p**2 - 32*p + 15. Let t be b(-15). What is the greatest common factor of t and 5?
5
Suppose -5*k - 6*g = -2*g - 192, -3*g = 6. Calculate the highest common factor of k and 10.
10
Suppose 0 = -8*i + 2*i + 24. Suppose i*f + 33 = 5*f. Calculate the highest common divisor of f and 363.
33
Suppose -5*v = 4*d - 512, -2*d + v + 108 + 162 = 0. What is the greatest common factor of d and 35?
7
Let x = -1683 + 1746. Calculate the greatest common factor of 399 and x.
21
Let x = 213 - 141. Suppose -3*n + 3 + 78 = -f, 2*f - x = -3*n. What is the greatest common factor of 182 and n?
26
Suppose 2*d + 162 = 4*o, 177 = -o + 5*o + 3*d. What is the greatest common factor of 189 and o?
21
Suppose 41 - 42 = 16*p - 113. Let z(q) = 2*q - 3. Let n be z(5). What is the greatest common divisor of n and p?
7
Let q(c) = 3*c**2 - 4*c - 23. Let r be q(-5). Suppose 5*j - 28 = r. What is the highest common divisor of j and 4?
4
Let n be ((0 - 3)/(9/63))/1. Let v = n + 34. What is the highest common divisor of v and 104?
13
Let g(c) = c**2 + 5*c - 5. Suppose -49 = -5*y + m, 3*m - 53 = -5*y - 0*m. Let i be g(y). Calculate the greatest common divisor of 29 and i.
29
Let l(c) be the first derivative of c**3 - 7*c**2/2 + 17*c - 1. Let a be l(4). Calculate the highest common factor of 37 and a.
37
Suppose 35 = 2*y + 25. Suppose 0*z = -y*s + z + 104, -4*s + 76 = z. What is the highest common divisor of s and 50?
10
Let n = 2 + 22. Let y = 28 - n. Let p be (-117 + (2 - y))*-1. What is the greatest common factor of 17 and p?
17
Let t(o) = o**3 + 8*o**2 + 8. Let z be t(-8). Let x be (4 + z)*(-2)/6. Let u be 3 + -1 + 191 + x. What is the greatest common factor of u and 21?
21
Suppose 400 = 6*d + 130. Suppose w = -3*w + 60. What is the highest common factor of d and w?
15
Suppose -f - 40 = -3*f. Let z be (99 - 3)/(-12) + 38. Calculate the highest common divisor of z and f.
10
Let a(m) = -m + 5. Let r be a(-5). Let d be r*-1*(2 - 3). Let w be 77 + (0 - (-3 + 0)). Calculate the highest common divisor of w and d.
10
Suppose 0 = -4*s + o, 4*s - 27 = -3*o - 11. Let l be -4 - (-3 + s - 2). Let d be (-1 + -2 - l) + 13. Calculate the greatest common factor of d and 4.
2
Let u(t) = -2*t**2 + 53*t - 21. Let c be u(26). What is the highest common factor of c and 8?
1
Let y(u) = u**2 - 9*u + 6. Suppose 5*f - 35 = 15. Let g be y(f). What is the highest common divisor of g and 16?
16
Let o be ((-9)/15)/((-2)/(-10)). Let l(g) = 7*g**2 + g. Let j be l(o). What is the greatest common factor of 10 and j?
10
Let j(y) = -y**3 - 5*y**2 - 6*y + 4. Let c = 9 - 15. Let g be j(c). Calculate the greatest common divisor of g and 38.
38
Let u = -1044 + 1058. Let d be 2/8 - 2/8. Let a be 28*2 + d/1. What is the highest common factor of a and u?
14
Let k = 388 + 57. What is the highest common divisor of 5 and k?
5
Suppose -8 = 4*t - 120. Let r be (216/(-21))/((-26)/637). Calculate the highest common factor of t and r.
28
Suppose -35*v - 87 = -1417. What is the highest common factor of v and 494?
38
Let b(x) = 14*x + 21. Let k be b(0). Calculate the greatest common factor of k and 1743.
21
Let q be (-13)/(-3) + (-1)/3. Suppose -2*g + 3*u + 13 = 0, -3*u = -9*g + q*g + 37. What is the highest common divisor of 24 and g?
8
Suppose 23*c - 7376 = 628. Calculate the greatest common divisor of 84 and c.
12
Let v be (-2167)/(-33) - 2/3. Let x(z) = z**3 + 5*z**2 + 3*z - 1. Let b be x(-3). Suppose b*y - 5*y = 39. Calculate the highest common factor of y and v.
13
Let z be 0 + 1 + (-618)/(-3). Let a = 2 - 5. Let v be (-2 - a)/(1/23). What is the greatest common divisor of v and z?
23
Let i be -10*2/4*-2. Let a = i + 3. Let q be 4/20 + -5 + 1047/15. What is the greatest common divisor of a and q?
13
Let v = 5 + -5. Suppose v = 3*s + 10 - 31. Calculate the greatest common divisor of 28 and s.
7
Suppose -3*m + 5*m + 8 = 0. Let u be 2/m - (-506)/4. Suppose -2*s + g = 4*g - 61, -4*s = 2*g - u. What is the highest common divisor of 4 and s?
4
Let f(w) = 4*w + 139. Let c be f(-33). What is the highest common factor of 49 and c?
7
Suppose 0 = -w - q - 3 + 119, 4*w - 5*q - 428 = 0. Calculate the greatest common factor of w and 48.
16
Suppose l - 27 = 3*j, -l + 2*j = -6*l + 152. What is the greatest common factor of 36 and l?
6
Let n = 4 - -8. Let v be (-3)/(n/(-44)) - -1. What is the highest common factor of 8 and v?
4
Let l = 19 + -13. Suppose 2*f + 5*c = -41, -4*c = 2*f - 2*c + 32. Let k = -1 - f. Calculate the greatest common divisor of k and l.
6
Let v be -21*(-4)/15*1650/60. Calculate the highest common divisor of 98 and v.
14
Suppose 0 = -0*t + t - 4. Suppose -g + 14595 = t*g. Let a be g/39 - (-4)/26. Calculate the greatest common factor of 15 and a.
15
Let z = 194 - 127. What is the highest common divisor of 268 and z?
67
Suppose 24*x - 141 - 747 = 0. What is the highest common factor of x and 148?
37
Let t(h) = -h + 25. Let s be t(-8). Suppose v - 12 = 2*d, -2*d - 20 = -6*d. Calculate the highest common divisor of v and s.
11
Let h = 88 + -82. What is the highest common factor of h and 9?
3
Suppose -2*x = -x - 40. Let z = 24 + -24. Let d be -6 + 9 + (2 - z). What is the greatest common divisor of x and d?
5
Let r = 324 + -254. What is the greatest common divisor of 56 and r?
14
Suppose 4 = 4*h, -5*l = 4*h - 8*h - 1641. Calculate the highest common factor of 188 and l.
47
Let p be (-130)/(-25)*5 - 6. What is the greatest common factor of p and 60?
20
Let y = 233 + 79. What is the greatest common divisor of y and 24?
24
Suppose 3*u + 33 = 3*t - 3, -2*u - 3*t = 49. Let j = -15 - u. Suppose -4*k = -j*r + 140, -r + 2*k + 250 = 3*r. What is the greatest common factor of r and 40?
20
Let x(h) = -3*h**3 + h + 2. Suppose 5*u - 7*u = 0. Suppose u = 4*m + 4 - 0. Let d be x(m). Calculate the highest common divisor of 36 and d.
4
Let v = 48 + -46. Suppose -z + n = v*n - 163, 0 = -2*z + 4*n + 356. What is the greatest common divisor of 42 and z?
42
Let n(v) = -v**3 + 9*v**2 + 19*v + 45. Let c be n(11). What is the greatest common factor of 27 and c?
3
Suppose 2*t - 25 + 21 = -4*i, i = 2*t - 14. Calculate the greatest common divisor of 192 and t.
6
Suppose 0 = -i - 1, 2*q - 5*i - 16 = 23. Let z = -15 + q. Suppose -10 = z*r + 3*a, r + 2*a + 1 + 6 = 0. What is the greatest common divisor of r and 3?
1
Suppose 3*x - 2*r - 157 = 0, r + 25 = 29. Calculate the greatest common divisor of 715 and x.
55
Let u(f) = 54*f - 262. Let p be u(5). Suppose 0 = 8*b - 3*b - 10. Calculate the greatest common divisor of b and p.
2
Let t = 5 - -20. Let c = -44 + 54. What is the highest common divisor of t and c?
5
Suppose -17*n - 136 = -21*n. Suppose -o + 33 = -23. Let p = o - n. What is the highest common divisor of p and 11?
11
Let u be -1*25 + (1 - 1). Let d = -9 - u. Suppose 7 = -m, -5*n = -2*m + 67 - 91. Calculate the greatest common divisor of n and d.
2
Let l = -556 + 845. What is the highest common divisor of 136 and l?
17
Let o = -310 - -670. Calculate the highest common factor of 80 and o.
40
Let w = -10 - -12. Let r be 123 + (1 - 4) + w. Let v = r - 57. Calculate the greatest common divisor of v and 13.
13
Let v = 13 + -24. Let t(s) = -s**3 - 11*s**2 - 2*s + 14. Let i be t(v). Calculate the greatest common divisor of 6 and i.
6
Let b = 1125 + -909. What is the greatest common divisor of b and 600?
24
Suppose 8*a - 16 = 104. What is the highest common factor of a and 9?
3
Suppose u = b - 12, -3*u = -0*b + 4*b - 76. Let h = -28 + 140. Let d be -2*(-1)/(2/h). Calculate the greatest common factor of d and b.
16
Let h = 811 - 787. What is the greatest common factor of 3 and h?
3
Let q be 1*((-1228)/(-16) + 2/8). Let d be (-352)/24*(-3)/2. Calculate the greatest common divisor of q and d.
11
Suppose 100 = m - 77. Calculate the greatest common divisor of m and 118.
59
Suppose p - 14 = 3*p. Let r(t) = -t**2 - 6*t + 12. Let n be r(p). Suppose n*q = q + 128. What is the greatest common factor of 96 and q?
32
Let q be 7/(14/(-3))*378/(-81). What is the greatest common divisor of 805 and q?
7
Let z = -1896 - -2006. What is the greatest common divisor of 50 and z?
10
Suppose -2323 = -38*y - 651. What is the highest common factor of y and 1628?
44
Suppose -150*i - 6006 = -183*i. Let s be (-2 - -1)/(-1)*26. What is the highest common divisor of i